{"id":2339,"date":"2026-08-19T17:34:51","date_gmt":"2026-08-19T17:34:51","guid":{"rendered":"https:\/\/genealogiaiberica.com\/?page_id=2339"},"modified":"2026-08-19T17:34:52","modified_gmt":"2026-08-19T17:34:52","slug":"abadia","status":"publish","type":"page","link":"https:\/\/genealogiaiberica.com\/es\/apellidos-espanoles\/abadia\/","title":{"rendered":"Abad\u00eda"},"content":{"rendered":"<p class=\"wp-block-paragraph\"><strong>Origen:<\/strong> topon\u00edmico<\/p>\n\n\n\n<p class=\"wp-block-paragraph\"><strong>Significado:<\/strong> <\/p>\n\n\n\n<ol class=\"wp-block-list\">\n<li>El apellido Abad\u00eda deriva de localidades como: el municipio de Abad\u00eda, en C\u00e1ceres; Villamart\u00edn de la Abad\u00eda, una localidad de Carracedelo, en Le\u00f3n; o La Abad\u00eda de Rueda, en Villarcayo de Merindad de Castilla la Vieja, provincia de Burgos.<\/li>\n\n\n\n<li>Tambi\u00e9n puede estar relacionado con una iglesia o monasterio regidos por un abad.<\/li>\n<\/ol>\n\n\n\n<p class=\"wp-block-paragraph\"><strong>Fuente:<\/strong><\/p>\n\n\n\n<p class=\"wp-block-paragraph\">Pocklington, Robert. Apellidos tradicionales de la provincia de Almer\u00eda.<\/p>","protected":false},"excerpt":{"rendered":"<p>Origen: topon\u00edmico Significado: Fuente: Pocklington, Robert. Apellidos tradicionales de la provincia de Almer\u00eda.<\/p>","protected":false},"author":1,"featured_media":881,"parent":2214,"menu_order":0,"comment_status":"closed","ping_status":"closed","template":"","meta":{"_acf_changed":false,"footnotes":""},"folder":[204],"class_list":["post-2339","page","type-page","status-publish","has-post-thumbnail","hentry"],"acf":[],"yoast_head":"<!-- This site is optimized with the Yoast SEO plugin v28.3 - https:\/\/yoast.com\/product\/yoast-seo-wordpress\/ -->\n<title>Apellido Abad\u00eda: origen y significado - Genealogia Ib\u00e9rica<\/title>\n<meta name=\"description\" content=\"Historia, curiosidades, variantes e incidencia de los apellidos espa\u00f1oles. Descubre el significado y el origen de Abad\u00eda\" \/>\n<meta name=\"robots\" content=\"index, follow, max-snippet:-1, max-image-preview:large, max-video-preview:-1\" \/>\n<link rel=\"canonical\" href=\"https:\/\/genealogiaiberica.com\/es\/apellidos-espanoles\/abadia\/\" \/>\n<meta property=\"og:locale\" content=\"es_ES\" \/>\n<meta property=\"og:type\" content=\"article\" \/>\n<meta property=\"og:title\" content=\"Apellido Abad\u00eda: origen y significado - Genealogia Ib\u00e9rica\" \/>\n<meta property=\"og:description\" content=\"Historia, curiosidades, variantes e incidencia de los apellidos espa\u00f1oles. Descubre el significado y el origen de Abad\u00eda\" \/>\n<meta property=\"og:url\" content=\"https:\/\/genealogiaiberica.com\/es\/apellidos-espanoles\/abadia\/\" \/>\n<meta property=\"og:site_name\" content=\"Genealogia Ib\u00e9rica\" \/>\n<meta property=\"article:modified_time\" content=\"2026-08-19T17:34:52+00:00\" \/>\n<meta property=\"og:image\" content=\"https:\/\/genealogiaiberica.com\/wp-content\/uploads\/2024\/06\/montserrat-espana.jpg\" \/>\n\t<meta property=\"og:image:width\" content=\"1700\" \/>\n\t<meta property=\"og:image:height\" content=\"718\" \/>\n\t<meta property=\"og:image:type\" content=\"image\/jpeg\" \/>\n<meta name=\"twitter:card\" content=\"summary_large_image\" \/>\n<meta name=\"twitter:label1\" content=\"Tiempo de lectura\" \/>\n\t<meta name=\"twitter:data1\" content=\"1 minuto\" \/>\n<script type=\"application\/ld+json\" class=\"yoast-schema-graph\">{\"@context\":\"https:\\\/\\\/schema.org\",\"@graph\":[{\"@type\":\"WebPage\",\"@id\":\"https:\\\/\\\/genealogiaiberica.com\\\/es\\\/apellidos-espanoles\\\/abadia\\\/\",\"url\":\"https:\\\/\\\/genealogiaiberica.com\\\/es\\\/apellidos-espanoles\\\/abadia\\\/\",\"name\":\"Apellido Abad\u00eda: origen y significado - Genealogia Ib\u00e9rica\",\"isPartOf\":{\"@id\":\"https:\\\/\\\/genealogiaiberica.com\\\/es\\\/#website\"},\"primaryImageOfPage\":{\"@id\":\"https:\\\/\\\/genealogiaiberica.com\\\/es\\\/apellidos-espanoles\\\/abadia\\\/#primaryimage\"},\"image\":{\"@id\":\"https:\\\/\\\/genealogiaiberica.com\\\/es\\\/apellidos-espanoles\\\/abadia\\\/#primaryimage\"},\"thumbnailUrl\":\"https:\\\/\\\/genealogiaiberica.com\\\/wp-content\\\/uploads\\\/2024\\\/06\\\/montserrat-espana.jpg\",\"datePublished\":\"2026-08-19T17:34:51+00:00\",\"dateModified\":\"2026-08-19T17:34:52+00:00\",\"description\":\"Historia, curiosidades, variantes e incidencia de los apellidos espa\u00f1oles. Descubre el significado y el origen de Abad\u00eda\",\"breadcrumb\":{\"@id\":\"https:\\\/\\\/genealogiaiberica.com\\\/es\\\/apellidos-espanoles\\\/abadia\\\/#breadcrumb\"},\"inLanguage\":\"es\",\"potentialAction\":[{\"@type\":\"ReadAction\",\"target\":[\"https:\\\/\\\/genealogiaiberica.com\\\/es\\\/apellidos-espanoles\\\/abadia\\\/\"]}]},{\"@type\":\"ImageObject\",\"inLanguage\":\"es\",\"@id\":\"https:\\\/\\\/genealogiaiberica.com\\\/es\\\/apellidos-espanoles\\\/abadia\\\/#primaryimage\",\"url\":\"https:\\\/\\\/genealogiaiberica.com\\\/wp-content\\\/uploads\\\/2024\\\/06\\\/montserrat-espana.jpg\",\"contentUrl\":\"https:\\\/\\\/genealogiaiberica.com\\\/wp-content\\\/uploads\\\/2024\\\/06\\\/montserrat-espana.jpg\",\"width\":1700,\"height\":718},{\"@type\":\"BreadcrumbList\",\"@id\":\"https:\\\/\\\/genealogiaiberica.com\\\/es\\\/apellidos-espanoles\\\/abadia\\\/#breadcrumb\",\"itemListElement\":[{\"@type\":\"ListItem\",\"position\":1,\"name\":\"In\u00edcio\",\"item\":\"https:\\\/\\\/genealogiaiberica.com\\\/es\\\/\"},{\"@type\":\"ListItem\",\"position\":2,\"name\":\"Apellidos espa\u00f1oles\",\"item\":\"https:\\\/\\\/genealogiaiberica.com\\\/es\\\/apellidos-espanoles\\\/\"},{\"@type\":\"ListItem\",\"position\":3,\"name\":\"Abad\u00eda\"}]},{\"@type\":\"WebSite\",\"@id\":\"https:\\\/\\\/genealogiaiberica.com\\\/es\\\/#website\",\"url\":\"https:\\\/\\\/genealogiaiberica.com\\\/es\\\/\",\"name\":\"Genealogia Ib\u00e9rica\",\"description\":\"Espanha &amp; Portugal\",\"publisher\":{\"@id\":\"https:\\\/\\\/genealogiaiberica.com\\\/es\\\/#organization\"},\"potentialAction\":[{\"@type\":\"SearchAction\",\"target\":{\"@type\":\"EntryPoint\",\"urlTemplate\":\"https:\\\/\\\/genealogiaiberica.com\\\/es\\\/?s={search_term_string}\"},\"query-input\":{\"@type\":\"PropertyValueSpecification\",\"valueRequired\":true,\"valueName\":\"search_term_string\"}}],\"inLanguage\":\"es\"},{\"@type\":\"Organization\",\"@id\":\"https:\\\/\\\/genealogiaiberica.com\\\/es\\\/#organization\",\"name\":\"Genealogia Ib\u00e9rica\",\"url\":\"https:\\\/\\\/genealogiaiberica.com\\\/es\\\/\",\"logo\":{\"@type\":\"ImageObject\",\"inLanguage\":\"es\",\"@id\":\"https:\\\/\\\/genealogiaiberica.com\\\/es\\\/#\\\/schema\\\/logo\\\/image\\\/\",\"url\":\"https:\\\/\\\/genealogiaiberica.com\\\/wp-content\\\/uploads\\\/2024\\\/05\\\/logo-genealogia.png\",\"contentUrl\":\"https:\\\/\\\/genealogiaiberica.com\\\/wp-content\\\/uploads\\\/2024\\\/05\\\/logo-genealogia.png\",\"width\":1854,\"height\":824,\"caption\":\"Genealogia Ib\u00e9rica\"},\"image\":{\"@id\":\"https:\\\/\\\/genealogiaiberica.com\\\/es\\\/#\\\/schema\\\/logo\\\/image\\\/\"}}]}<\/script>\n<!-- \/ Yoast SEO plugin. -->","yoast_head_json":{"title":"Apellido Abad\u00eda: origen y significado - Genealogia Ib\u00e9rica","description":"Historia, curiosidades, variantes e incidencia de los apellidos espa\u00f1oles. Descubre el significado y el origen de Abad\u00eda","robots":{"index":"index","follow":"follow","max-snippet":"max-snippet:-1","max-image-preview":"max-image-preview:large","max-video-preview":"max-video-preview:-1"},"canonical":"https:\/\/genealogiaiberica.com\/es\/apellidos-espanoles\/abadia\/","og_locale":"es_ES","og_type":"article","og_title":"Apellido Abad\u00eda: origen y significado - Genealogia Ib\u00e9rica","og_description":"Historia, curiosidades, variantes e incidencia de los apellidos espa\u00f1oles. Descubre el significado y el origen de Abad\u00eda","og_url":"https:\/\/genealogiaiberica.com\/es\/apellidos-espanoles\/abadia\/","og_site_name":"Genealogia Ib\u00e9rica","article_modified_time":"2026-08-19T17:34:52+00:00","og_image":[{"width":1700,"height":718,"url":"https:\/\/genealogiaiberica.com\/wp-content\/uploads\/2024\/06\/montserrat-espana.jpg","type":"image\/jpeg"}],"twitter_card":"summary_large_image","twitter_misc":{"Tiempo de lectura":"1 minuto"},"schema":{"@context":"https:\/\/schema.org","@graph":[{"@type":"WebPage","@id":"https:\/\/genealogiaiberica.com\/es\/apellidos-espanoles\/abadia\/","url":"https:\/\/genealogiaiberica.com\/es\/apellidos-espanoles\/abadia\/","name":"Apellido Abad\u00eda: origen y significado - Genealogia Ib\u00e9rica","isPartOf":{"@id":"https:\/\/genealogiaiberica.com\/es\/#website"},"primaryImageOfPage":{"@id":"https:\/\/genealogiaiberica.com\/es\/apellidos-espanoles\/abadia\/#primaryimage"},"image":{"@id":"https:\/\/genealogiaiberica.com\/es\/apellidos-espanoles\/abadia\/#primaryimage"},"thumbnailUrl":"https:\/\/genealogiaiberica.com\/wp-content\/uploads\/2024\/06\/montserrat-espana.jpg","datePublished":"2026-08-19T17:34:51+00:00","dateModified":"2026-08-19T17:34:52+00:00","description":"Historia, curiosidades, variantes e incidencia de los apellidos espa\u00f1oles. Descubre el significado y el origen de Abad\u00eda","breadcrumb":{"@id":"https:\/\/genealogiaiberica.com\/es\/apellidos-espanoles\/abadia\/#breadcrumb"},"inLanguage":"es","potentialAction":[{"@type":"ReadAction","target":["https:\/\/genealogiaiberica.com\/es\/apellidos-espanoles\/abadia\/"]}]},{"@type":"ImageObject","inLanguage":"es","@id":"https:\/\/genealogiaiberica.com\/es\/apellidos-espanoles\/abadia\/#primaryimage","url":"https:\/\/genealogiaiberica.com\/wp-content\/uploads\/2024\/06\/montserrat-espana.jpg","contentUrl":"https:\/\/genealogiaiberica.com\/wp-content\/uploads\/2024\/06\/montserrat-espana.jpg","width":1700,"height":718},{"@type":"BreadcrumbList","@id":"https:\/\/genealogiaiberica.com\/es\/apellidos-espanoles\/abadia\/#breadcrumb","itemListElement":[{"@type":"ListItem","position":1,"name":"In\u00edcio","item":"https:\/\/genealogiaiberica.com\/es\/"},{"@type":"ListItem","position":2,"name":"Apellidos espa\u00f1oles","item":"https:\/\/genealogiaiberica.com\/es\/apellidos-espanoles\/"},{"@type":"ListItem","position":3,"name":"Abad\u00eda"}]},{"@type":"WebSite","@id":"https:\/\/genealogiaiberica.com\/es\/#website","url":"https:\/\/genealogiaiberica.com\/es\/","name":"Genealogia Ib\u00e9rica","description":"Espanha &amp; Portugal","publisher":{"@id":"https:\/\/genealogiaiberica.com\/es\/#organization"},"potentialAction":[{"@type":"SearchAction","target":{"@type":"EntryPoint","urlTemplate":"https:\/\/genealogiaiberica.com\/es\/?s={search_term_string}"},"query-input":{"@type":"PropertyValueSpecification","valueRequired":true,"valueName":"search_term_string"}}],"inLanguage":"es"},{"@type":"Organization","@id":"https:\/\/genealogiaiberica.com\/es\/#organization","name":"Genealogia Ib\u00e9rica","url":"https:\/\/genealogiaiberica.com\/es\/","logo":{"@type":"ImageObject","inLanguage":"es","@id":"https:\/\/genealogiaiberica.com\/es\/#\/schema\/logo\/image\/","url":"https:\/\/genealogiaiberica.com\/wp-content\/uploads\/2024\/05\/logo-genealogia.png","contentUrl":"https:\/\/genealogiaiberica.com\/wp-content\/uploads\/2024\/05\/logo-genealogia.png","width":1854,"height":824,"caption":"Genealogia Ib\u00e9rica"},"image":{"@id":"https:\/\/genealogiaiberica.com\/es\/#\/schema\/logo\/image\/"}}]}},"_links":{"self":[{"href":"https:\/\/genealogiaiberica.com\/es\/wp-json\/wp\/v2\/pages\/2339","targetHints":{"allow":["GET"]}}],"collection":[{"href":"https:\/\/genealogiaiberica.com\/es\/wp-json\/wp\/v2\/pages"}],"about":[{"href":"https:\/\/genealogiaiberica.com\/es\/wp-json\/wp\/v2\/types\/page"}],"author":[{"embeddable":true,"href":"https:\/\/genealogiaiberica.com\/es\/wp-json\/wp\/v2\/users\/1"}],"replies":[{"embeddable":true,"href":"https:\/\/genealogiaiberica.com\/es\/wp-json\/wp\/v2\/comments?post=2339"}],"version-history":[{"count":2,"href":"https:\/\/genealogiaiberica.com\/es\/wp-json\/wp\/v2\/pages\/2339\/revisions"}],"predecessor-version":[{"id":2341,"href":"https:\/\/genealogiaiberica.com\/es\/wp-json\/wp\/v2\/pages\/2339\/revisions\/2341"}],"up":[{"embeddable":true,"href":"https:\/\/genealogiaiberica.com\/es\/wp-json\/wp\/v2\/pages\/2214"}],"wp:featuredmedia":[{"embeddable":true,"href":"https:\/\/genealogiaiberica.com\/es\/wp-json\/wp\/v2\/media\/881"}],"wp:attachment":[{"href":"https:\/\/genealogiaiberica.com\/es\/wp-json\/wp\/v2\/media?parent=2339"}],"wp:term":[{"taxonomy":"folder","embeddable":true,"href":"https:\/\/genealogiaiberica.com\/es\/wp-json\/wp\/v2\/folder?post=2339"}],"curies":[{"name":"wp","href":"https:\/\/api.w.org\/{rel}","templated":true}]}}

Abadía

<p class="wp-block-paragraph"><strong>Origen:</strong> toponímico</p>



<p class="wp-block-paragraph"><strong>Significado:</strong> </p>



<ol class="wp-block-list">
<li>El apellido Abadía deriva de localidades como: el municipio de Abadía, en Cáceres; Villamartín de la Abadía, una localidad de Carracedelo, en León; o La Abadía de Rueda, en Villarcayo de Merindad de Castilla la Vieja, provincia de Burgos.</li>



<li>También puede estar relacionado con una iglesia o monasterio regidos por un abad.</li>
</ol>



<p class="wp-block-paragraph"><strong>Fuente:</strong></p>



<p class="wp-block-paragraph">Pocklington, Robert. Apellidos tradicionales de la provincia de Almería.</p>

<p>Origen: toponímico Significado: Fuente: Pocklington, Robert. Apellidos tradicionales de la provincia de Almería.</p>

<!-- This site is optimized with the Yoast SEO plugin v28.3 - https://yoast.com/product/yoast-seo-wordpress/ -->
<title>Apellido Abadía: origen y significado - Genealogia Ibérica</title>
<meta name="description" content="Historia, curiosidades, variantes e incidencia de los apellidos españoles. Descubre el significado y el origen de Abadía" />
<meta name="robots" content="index, follow, max-snippet:-1, max-image-preview:large, max-video-preview:-1" />
<link rel="canonical" href="https://genealogiaiberica.com/es/apellidos-espanoles/abadia/" />
<meta property="og:locale" content="es_ES" />
<meta property="og:type" content="article" />
<meta property="og:title" content="Apellido Abadía: origen y significado - Genealogia Ibérica" />
<meta property="og:description" content="Historia, curiosidades, variantes e incidencia de los apellidos españoles. Descubre el significado y el origen de Abadía" />
<meta property="og:url" content="https://genealogiaiberica.com/es/apellidos-espanoles/abadia/" />
<meta property="og:site_name" content="Genealogia Ibérica" />
<meta property="article:modified_time" content="2026-08-19T17:34:52+00:00" />
<meta property="og:image" content="https://genealogiaiberica.com/wp-content/uploads/2024/06/montserrat-espana.jpg" />
	<meta property="og:image:width" content="1700" />
	<meta property="og:image:height" content="718" />
	<meta property="og:image:type" content="image/jpeg" />
<meta name="twitter:card" content="summary_large_image" />
<meta name="twitter:label1" content="Tiempo de lectura" />
	<meta name="twitter:data1" content="1 minuto" />
<script type="application/ld+json" class="yoast-schema-graph">{"@context":"https:\/\/schema.org","@graph":[{"@type":"WebPage","@id":"https:\/\/genealogiaiberica.com\/es\/apellidos-espanoles\/abadia\/","url":"https:\/\/genealogiaiberica.com\/es\/apellidos-espanoles\/abadia\/","name":"Apellido Abadía: origen y significado - Genealogia Ibérica","isPartOf":{"@id":"https:\/\/genealogiaiberica.com\/es\/#website"},"primaryImageOfPage":{"@id":"https:\/\/genealogiaiberica.com\/es\/apellidos-espanoles\/abadia\/#primaryimage"},"image":{"@id":"https:\/\/genealogiaiberica.com\/es\/apellidos-espanoles\/abadia\/#primaryimage"},"thumbnailUrl":"https:\/\/genealogiaiberica.com\/wp-content\/uploads\/2024\/06\/montserrat-espana.jpg","datePublished":"2026-08-19T17:34:51+00:00","dateModified":"2026-08-19T17:34:52+00:00","description":"Historia, curiosidades, variantes e incidencia de los apellidos españoles. Descubre el significado y el origen de Abadía","breadcrumb":{"@id":"https:\/\/genealogiaiberica.com\/es\/apellidos-espanoles\/abadia\/#breadcrumb"},"inLanguage":"es","potentialAction":[{"@type":"ReadAction","target":["https:\/\/genealogiaiberica.com\/es\/apellidos-espanoles\/abadia\/"]}]},{"@type":"ImageObject","inLanguage":"es","@id":"https:\/\/genealogiaiberica.com\/es\/apellidos-espanoles\/abadia\/#primaryimage","url":"https:\/\/genealogiaiberica.com\/wp-content\/uploads\/2024\/06\/montserrat-espana.jpg","contentUrl":"https:\/\/genealogiaiberica.com\/wp-content\/uploads\/2024\/06\/montserrat-espana.jpg","width":1700,"height":718},{"@type":"BreadcrumbList","@id":"https:\/\/genealogiaiberica.com\/es\/apellidos-espanoles\/abadia\/#breadcrumb","itemListElement":[{"@type":"ListItem","position":1,"name":"Início","item":"https:\/\/genealogiaiberica.com\/es\/"},{"@type":"ListItem","position":2,"name":"Apellidos españoles","item":"https:\/\/genealogiaiberica.com\/es\/apellidos-espanoles\/"},{"@type":"ListItem","position":3,"name":"Abadía"}]},{"@type":"WebSite","@id":"https:\/\/genealogiaiberica.com\/es\/#website","url":"https:\/\/genealogiaiberica.com\/es\/","name":"Genealogia Ibérica","description":"Espanha &amp; Portugal","publisher":{"@id":"https:\/\/genealogiaiberica.com\/es\/#organization"},"potentialAction":[{"@type":"SearchAction","target":{"@type":"EntryPoint","urlTemplate":"https:\/\/genealogiaiberica.com\/es\/?s={search_term_string}"},"query-input":{"@type":"PropertyValueSpecification","valueRequired":true,"valueName":"search_term_string"}}],"inLanguage":"es"},{"@type":"Organization","@id":"https:\/\/genealogiaiberica.com\/es\/#organization","name":"Genealogia Ibérica","url":"https:\/\/genealogiaiberica.com\/es\/","logo":{"@type":"ImageObject","inLanguage":"es","@id":"https:\/\/genealogiaiberica.com\/es\/#\/schema\/logo\/image\/","url":"https:\/\/genealogiaiberica.com\/wp-content\/uploads\/2024\/05\/logo-genealogia.png","contentUrl":"https:\/\/genealogiaiberica.com\/wp-content\/uploads\/2024\/05\/logo-genealogia.png","width":1854,"height":824,"caption":"Genealogia Ibérica"},"image":{"@id":"https:\/\/genealogiaiberica.com\/es\/#\/schema\/logo\/image\/"}}]}</script>
<!-- / Yoast SEO plugin. -->

Apellido Abadía: origen y significado - Genealogia Ibérica

Historia, curiosidades, variantes e incidencia de los apellidos españoles. Descubre el significado y el origen de Abadía

Genealogia Ibérica

Início

Apellidos españoles
