{"id":2218,"date":"2024-06-01T08:34:00","date_gmt":"2024-06-01T08:34:00","guid":{"rendered":"https:\/\/genealogiaiberica.com\/?page_id=2218"},"modified":"2026-08-19T08:40:16","modified_gmt":"2026-08-19T08:40:16","slug":"abad","status":"publish","type":"page","link":"https:\/\/genealogiaiberica.com\/es\/apellidos-espanoles\/abad\/","title":{"rendered":"Abad"},"content":{"rendered":"<p class=\"wp-block-paragraph\"><strong>Origen:<\/strong> topon\u00edmico, oficio<\/p>\n\n\n\n<p class=\"wp-block-paragraph\"><strong>Significado:<\/strong> El apellido Abad puede derivar de la Parroquia de Abad, en Moeche, La Coru\u00f1a. Tambi\u00e9n puede guardar relaci\u00f3n con el oficio de abad, referido al superior del monasterio u otro cargo eclesi\u00e1stico.<\/p>\n\n\n\n<p class=\"wp-block-paragraph\"><\/p>","protected":false},"excerpt":{"rendered":"<p>Origen: topon\u00edmico, oficio Significado: El apellido Abad puede derivar de la Parroquia de Abad, en Moeche, La Coru\u00f1a. Tambi\u00e9n puede guardar relaci\u00f3n con el oficio de abad, referido al superior del monasterio u otro cargo eclesi\u00e1stico.<\/p>","protected":false},"author":1,"featured_media":881,"parent":2214,"menu_order":0,"comment_status":"closed","ping_status":"closed","template":"","meta":{"_acf_changed":false,"footnotes":""},"folder":[204],"class_list":["post-2218","page","type-page","status-publish","has-post-thumbnail","hentry"],"acf":[],"yoast_head":"<!-- This site is optimized with the Yoast SEO plugin v28.3 - https:\/\/yoast.com\/product\/yoast-seo-wordpress\/ -->\n<title>Apellido Abad: origen y significado - Genealogia Ib\u00e9rica<\/title>\n<meta name=\"description\" content=\"Historia, curiosidades, variantes e incidencia de los apellidos espa\u00f1oles. Conozca el significado y el origen de Abad\" \/>\n<meta name=\"robots\" content=\"index, follow, max-snippet:-1, max-image-preview:large, max-video-preview:-1\" \/>\n<link rel=\"canonical\" href=\"https:\/\/genealogiaiberica.com\/es\/apellidos-espanoles\/abad\/\" \/>\n<meta property=\"og:locale\" content=\"es_ES\" \/>\n<meta property=\"og:type\" content=\"article\" \/>\n<meta property=\"og:title\" content=\"Apellido Abad: origen y significado - Genealogia Ib\u00e9rica\" \/>\n<meta property=\"og:description\" content=\"Historia, curiosidades, variantes e incidencia de los apellidos espa\u00f1oles. Conozca el significado y el origen de Abad\" \/>\n<meta property=\"og:url\" content=\"https:\/\/genealogiaiberica.com\/es\/apellidos-espanoles\/abad\/\" \/>\n<meta property=\"og:site_name\" content=\"Genealogia Ib\u00e9rica\" \/>\n<meta property=\"article:modified_time\" content=\"2026-08-19T08:40:16+00:00\" \/>\n<meta property=\"og:image\" content=\"https:\/\/genealogiaiberica.com\/wp-content\/uploads\/2024\/06\/montserrat-espana.jpg\" \/>\n\t<meta property=\"og:image:width\" content=\"1700\" \/>\n\t<meta property=\"og:image:height\" content=\"718\" \/>\n\t<meta property=\"og:image:type\" content=\"image\/jpeg\" \/>\n<meta name=\"twitter:card\" content=\"summary_large_image\" \/>\n<meta name=\"twitter:label1\" content=\"Tiempo de lectura\" \/>\n\t<meta name=\"twitter:data1\" content=\"1 minuto\" \/>\n<script type=\"application\/ld+json\" class=\"yoast-schema-graph\">{\"@context\":\"https:\\\/\\\/schema.org\",\"@graph\":[{\"@type\":\"WebPage\",\"@id\":\"https:\\\/\\\/genealogiaiberica.com\\\/es\\\/apellidos-espanoles\\\/abad\\\/\",\"url\":\"https:\\\/\\\/genealogiaiberica.com\\\/es\\\/apellidos-espanoles\\\/abad\\\/\",\"name\":\"Apellido Abad: origen y significado - Genealogia Ib\u00e9rica\",\"isPartOf\":{\"@id\":\"https:\\\/\\\/genealogiaiberica.com\\\/es\\\/#website\"},\"primaryImageOfPage\":{\"@id\":\"https:\\\/\\\/genealogiaiberica.com\\\/es\\\/apellidos-espanoles\\\/abad\\\/#primaryimage\"},\"image\":{\"@id\":\"https:\\\/\\\/genealogiaiberica.com\\\/es\\\/apellidos-espanoles\\\/abad\\\/#primaryimage\"},\"thumbnailUrl\":\"https:\\\/\\\/genealogiaiberica.com\\\/wp-content\\\/uploads\\\/2024\\\/06\\\/montserrat-espana.jpg\",\"datePublished\":\"2024-06-01T08:34:00+00:00\",\"dateModified\":\"2026-08-19T08:40:16+00:00\",\"description\":\"Historia, curiosidades, variantes e incidencia de los apellidos espa\u00f1oles. Conozca el significado y el origen de Abad\",\"breadcrumb\":{\"@id\":\"https:\\\/\\\/genealogiaiberica.com\\\/es\\\/apellidos-espanoles\\\/abad\\\/#breadcrumb\"},\"inLanguage\":\"es\",\"potentialAction\":[{\"@type\":\"ReadAction\",\"target\":[\"https:\\\/\\\/genealogiaiberica.com\\\/es\\\/apellidos-espanoles\\\/abad\\\/\"]}]},{\"@type\":\"ImageObject\",\"inLanguage\":\"es\",\"@id\":\"https:\\\/\\\/genealogiaiberica.com\\\/es\\\/apellidos-espanoles\\\/abad\\\/#primaryimage\",\"url\":\"https:\\\/\\\/genealogiaiberica.com\\\/wp-content\\\/uploads\\\/2024\\\/06\\\/montserrat-espana.jpg\",\"contentUrl\":\"https:\\\/\\\/genealogiaiberica.com\\\/wp-content\\\/uploads\\\/2024\\\/06\\\/montserrat-espana.jpg\",\"width\":1700,\"height\":718},{\"@type\":\"BreadcrumbList\",\"@id\":\"https:\\\/\\\/genealogiaiberica.com\\\/es\\\/apellidos-espanoles\\\/abad\\\/#breadcrumb\",\"itemListElement\":[{\"@type\":\"ListItem\",\"position\":1,\"name\":\"In\u00edcio\",\"item\":\"https:\\\/\\\/genealogiaiberica.com\\\/es\\\/\"},{\"@type\":\"ListItem\",\"position\":2,\"name\":\"Apellidos espa\u00f1oles\",\"item\":\"https:\\\/\\\/genealogiaiberica.com\\\/es\\\/apellidos-espanoles\\\/\"},{\"@type\":\"ListItem\",\"position\":3,\"name\":\"Abad\"}]},{\"@type\":\"WebSite\",\"@id\":\"https:\\\/\\\/genealogiaiberica.com\\\/es\\\/#website\",\"url\":\"https:\\\/\\\/genealogiaiberica.com\\\/es\\\/\",\"name\":\"Genealogia Ib\u00e9rica\",\"description\":\"Espanha &amp; Portugal\",\"publisher\":{\"@id\":\"https:\\\/\\\/genealogiaiberica.com\\\/es\\\/#organization\"},\"potentialAction\":[{\"@type\":\"SearchAction\",\"target\":{\"@type\":\"EntryPoint\",\"urlTemplate\":\"https:\\\/\\\/genealogiaiberica.com\\\/es\\\/?s={search_term_string}\"},\"query-input\":{\"@type\":\"PropertyValueSpecification\",\"valueRequired\":true,\"valueName\":\"search_term_string\"}}],\"inLanguage\":\"es\"},{\"@type\":\"Organization\",\"@id\":\"https:\\\/\\\/genealogiaiberica.com\\\/es\\\/#organization\",\"name\":\"Genealogia Ib\u00e9rica\",\"url\":\"https:\\\/\\\/genealogiaiberica.com\\\/es\\\/\",\"logo\":{\"@type\":\"ImageObject\",\"inLanguage\":\"es\",\"@id\":\"https:\\\/\\\/genealogiaiberica.com\\\/es\\\/#\\\/schema\\\/logo\\\/image\\\/\",\"url\":\"https:\\\/\\\/genealogiaiberica.com\\\/wp-content\\\/uploads\\\/2024\\\/05\\\/logo-genealogia.png\",\"contentUrl\":\"https:\\\/\\\/genealogiaiberica.com\\\/wp-content\\\/uploads\\\/2024\\\/05\\\/logo-genealogia.png\",\"width\":1854,\"height\":824,\"caption\":\"Genealogia Ib\u00e9rica\"},\"image\":{\"@id\":\"https:\\\/\\\/genealogiaiberica.com\\\/es\\\/#\\\/schema\\\/logo\\\/image\\\/\"}}]}<\/script>\n<!-- \/ Yoast SEO plugin. -->","yoast_head_json":{"title":"Apellido Abad: origen y significado - Genealogia Ib\u00e9rica","description":"Historia, curiosidades, variantes e incidencia de los apellidos espa\u00f1oles. Conozca el significado y el origen de Abad","robots":{"index":"index","follow":"follow","max-snippet":"max-snippet:-1","max-image-preview":"max-image-preview:large","max-video-preview":"max-video-preview:-1"},"canonical":"https:\/\/genealogiaiberica.com\/es\/apellidos-espanoles\/abad\/","og_locale":"es_ES","og_type":"article","og_title":"Apellido Abad: origen y significado - Genealogia Ib\u00e9rica","og_description":"Historia, curiosidades, variantes e incidencia de los apellidos espa\u00f1oles. Conozca el significado y el origen de Abad","og_url":"https:\/\/genealogiaiberica.com\/es\/apellidos-espanoles\/abad\/","og_site_name":"Genealogia Ib\u00e9rica","article_modified_time":"2026-08-19T08:40:16+00:00","og_image":[{"width":1700,"height":718,"url":"https:\/\/genealogiaiberica.com\/wp-content\/uploads\/2024\/06\/montserrat-espana.jpg","type":"image\/jpeg"}],"twitter_card":"summary_large_image","twitter_misc":{"Tiempo de lectura":"1 minuto"},"schema":{"@context":"https:\/\/schema.org","@graph":[{"@type":"WebPage","@id":"https:\/\/genealogiaiberica.com\/es\/apellidos-espanoles\/abad\/","url":"https:\/\/genealogiaiberica.com\/es\/apellidos-espanoles\/abad\/","name":"Apellido Abad: origen y significado - Genealogia Ib\u00e9rica","isPartOf":{"@id":"https:\/\/genealogiaiberica.com\/es\/#website"},"primaryImageOfPage":{"@id":"https:\/\/genealogiaiberica.com\/es\/apellidos-espanoles\/abad\/#primaryimage"},"image":{"@id":"https:\/\/genealogiaiberica.com\/es\/apellidos-espanoles\/abad\/#primaryimage"},"thumbnailUrl":"https:\/\/genealogiaiberica.com\/wp-content\/uploads\/2024\/06\/montserrat-espana.jpg","datePublished":"2024-06-01T08:34:00+00:00","dateModified":"2026-08-19T08:40:16+00:00","description":"Historia, curiosidades, variantes e incidencia de los apellidos espa\u00f1oles. Conozca el significado y el origen de Abad","breadcrumb":{"@id":"https:\/\/genealogiaiberica.com\/es\/apellidos-espanoles\/abad\/#breadcrumb"},"inLanguage":"es","potentialAction":[{"@type":"ReadAction","target":["https:\/\/genealogiaiberica.com\/es\/apellidos-espanoles\/abad\/"]}]},{"@type":"ImageObject","inLanguage":"es","@id":"https:\/\/genealogiaiberica.com\/es\/apellidos-espanoles\/abad\/#primaryimage","url":"https:\/\/genealogiaiberica.com\/wp-content\/uploads\/2024\/06\/montserrat-espana.jpg","contentUrl":"https:\/\/genealogiaiberica.com\/wp-content\/uploads\/2024\/06\/montserrat-espana.jpg","width":1700,"height":718},{"@type":"BreadcrumbList","@id":"https:\/\/genealogiaiberica.com\/es\/apellidos-espanoles\/abad\/#breadcrumb","itemListElement":[{"@type":"ListItem","position":1,"name":"In\u00edcio","item":"https:\/\/genealogiaiberica.com\/es\/"},{"@type":"ListItem","position":2,"name":"Apellidos espa\u00f1oles","item":"https:\/\/genealogiaiberica.com\/es\/apellidos-espanoles\/"},{"@type":"ListItem","position":3,"name":"Abad"}]},{"@type":"WebSite","@id":"https:\/\/genealogiaiberica.com\/es\/#website","url":"https:\/\/genealogiaiberica.com\/es\/","name":"Genealogia Ib\u00e9rica","description":"Espanha &amp; Portugal","publisher":{"@id":"https:\/\/genealogiaiberica.com\/es\/#organization"},"potentialAction":[{"@type":"SearchAction","target":{"@type":"EntryPoint","urlTemplate":"https:\/\/genealogiaiberica.com\/es\/?s={search_term_string}"},"query-input":{"@type":"PropertyValueSpecification","valueRequired":true,"valueName":"search_term_string"}}],"inLanguage":"es"},{"@type":"Organization","@id":"https:\/\/genealogiaiberica.com\/es\/#organization","name":"Genealogia Ib\u00e9rica","url":"https:\/\/genealogiaiberica.com\/es\/","logo":{"@type":"ImageObject","inLanguage":"es","@id":"https:\/\/genealogiaiberica.com\/es\/#\/schema\/logo\/image\/","url":"https:\/\/genealogiaiberica.com\/wp-content\/uploads\/2024\/05\/logo-genealogia.png","contentUrl":"https:\/\/genealogiaiberica.com\/wp-content\/uploads\/2024\/05\/logo-genealogia.png","width":1854,"height":824,"caption":"Genealogia Ib\u00e9rica"},"image":{"@id":"https:\/\/genealogiaiberica.com\/es\/#\/schema\/logo\/image\/"}}]}},"_links":{"self":[{"href":"https:\/\/genealogiaiberica.com\/es\/wp-json\/wp\/v2\/pages\/2218","targetHints":{"allow":["GET"]}}],"collection":[{"href":"https:\/\/genealogiaiberica.com\/es\/wp-json\/wp\/v2\/pages"}],"about":[{"href":"https:\/\/genealogiaiberica.com\/es\/wp-json\/wp\/v2\/types\/page"}],"author":[{"embeddable":true,"href":"https:\/\/genealogiaiberica.com\/es\/wp-json\/wp\/v2\/users\/1"}],"replies":[{"embeddable":true,"href":"https:\/\/genealogiaiberica.com\/es\/wp-json\/wp\/v2\/comments?post=2218"}],"version-history":[{"count":1,"href":"https:\/\/genealogiaiberica.com\/es\/wp-json\/wp\/v2\/pages\/2218\/revisions"}],"predecessor-version":[{"id":2219,"href":"https:\/\/genealogiaiberica.com\/es\/wp-json\/wp\/v2\/pages\/2218\/revisions\/2219"}],"up":[{"embeddable":true,"href":"https:\/\/genealogiaiberica.com\/es\/wp-json\/wp\/v2\/pages\/2214"}],"wp:featuredmedia":[{"embeddable":true,"href":"https:\/\/genealogiaiberica.com\/es\/wp-json\/wp\/v2\/media\/881"}],"wp:attachment":[{"href":"https:\/\/genealogiaiberica.com\/es\/wp-json\/wp\/v2\/media?parent=2218"}],"wp:term":[{"taxonomy":"folder","embeddable":true,"href":"https:\/\/genealogiaiberica.com\/es\/wp-json\/wp\/v2\/folder?post=2218"}],"curies":[{"name":"wp","href":"https:\/\/api.w.org\/{rel}","templated":true}]}}

<p class="wp-block-paragraph"><strong>Origen:</strong> toponímico, oficio</p>



<p class="wp-block-paragraph"><strong>Significado:</strong> El apellido Abad puede derivar de la Parroquia de Abad, en Moeche, La Coruña. También puede guardar relación con el oficio de abad, referido al superior del monasterio u otro cargo eclesiástico.</p>



<p class="wp-block-paragraph"></p>

<p>Origen: toponímico, oficio Significado: El apellido Abad puede derivar de la Parroquia de Abad, en Moeche, La Coruña. También puede guardar relación con el oficio de abad, referido al superior del monasterio u otro cargo eclesiástico.</p>

<!-- This site is optimized with the Yoast SEO plugin v28.3 - https://yoast.com/product/yoast-seo-wordpress/ -->
<title>Apellido Abad: origen y significado - Genealogia Ibérica</title>
<meta name="description" content="Historia, curiosidades, variantes e incidencia de los apellidos españoles. Conozca el significado y el origen de Abad" />
<meta name="robots" content="index, follow, max-snippet:-1, max-image-preview:large, max-video-preview:-1" />
<link rel="canonical" href="https://genealogiaiberica.com/es/apellidos-espanoles/abad/" />
<meta property="og:locale" content="es_ES" />
<meta property="og:type" content="article" />
<meta property="og:title" content="Apellido Abad: origen y significado - Genealogia Ibérica" />
<meta property="og:description" content="Historia, curiosidades, variantes e incidencia de los apellidos españoles. Conozca el significado y el origen de Abad" />
<meta property="og:url" content="https://genealogiaiberica.com/es/apellidos-espanoles/abad/" />
<meta property="og:site_name" content="Genealogia Ibérica" />
<meta property="article:modified_time" content="2026-08-19T08:40:16+00:00" />
<meta property="og:image" content="https://genealogiaiberica.com/wp-content/uploads/2024/06/montserrat-espana.jpg" />
	<meta property="og:image:width" content="1700" />
	<meta property="og:image:height" content="718" />
	<meta property="og:image:type" content="image/jpeg" />
<meta name="twitter:card" content="summary_large_image" />
<meta name="twitter:label1" content="Tiempo de lectura" />
	<meta name="twitter:data1" content="1 minuto" />
<script type="application/ld+json" class="yoast-schema-graph">{"@context":"https:\/\/schema.org","@graph":[{"@type":"WebPage","@id":"https:\/\/genealogiaiberica.com\/es\/apellidos-espanoles\/abad\/","url":"https:\/\/genealogiaiberica.com\/es\/apellidos-espanoles\/abad\/","name":"Apellido Abad: origen y significado - Genealogia Ibérica","isPartOf":{"@id":"https:\/\/genealogiaiberica.com\/es\/#website"},"primaryImageOfPage":{"@id":"https:\/\/genealogiaiberica.com\/es\/apellidos-espanoles\/abad\/#primaryimage"},"image":{"@id":"https:\/\/genealogiaiberica.com\/es\/apellidos-espanoles\/abad\/#primaryimage"},"thumbnailUrl":"https:\/\/genealogiaiberica.com\/wp-content\/uploads\/2024\/06\/montserrat-espana.jpg","datePublished":"2024-06-01T08:34:00+00:00","dateModified":"2026-08-19T08:40:16+00:00","description":"Historia, curiosidades, variantes e incidencia de los apellidos españoles. Conozca el significado y el origen de Abad","breadcrumb":{"@id":"https:\/\/genealogiaiberica.com\/es\/apellidos-espanoles\/abad\/#breadcrumb"},"inLanguage":"es","potentialAction":[{"@type":"ReadAction","target":["https:\/\/genealogiaiberica.com\/es\/apellidos-espanoles\/abad\/"]}]},{"@type":"ImageObject","inLanguage":"es","@id":"https:\/\/genealogiaiberica.com\/es\/apellidos-espanoles\/abad\/#primaryimage","url":"https:\/\/genealogiaiberica.com\/wp-content\/uploads\/2024\/06\/montserrat-espana.jpg","contentUrl":"https:\/\/genealogiaiberica.com\/wp-content\/uploads\/2024\/06\/montserrat-espana.jpg","width":1700,"height":718},{"@type":"BreadcrumbList","@id":"https:\/\/genealogiaiberica.com\/es\/apellidos-espanoles\/abad\/#breadcrumb","itemListElement":[{"@type":"ListItem","position":1,"name":"Início","item":"https:\/\/genealogiaiberica.com\/es\/"},{"@type":"ListItem","position":2,"name":"Apellidos españoles","item":"https:\/\/genealogiaiberica.com\/es\/apellidos-espanoles\/"},{"@type":"ListItem","position":3,"name":"Abad"}]},{"@type":"WebSite","@id":"https:\/\/genealogiaiberica.com\/es\/#website","url":"https:\/\/genealogiaiberica.com\/es\/","name":"Genealogia Ibérica","description":"Espanha &amp; Portugal","publisher":{"@id":"https:\/\/genealogiaiberica.com\/es\/#organization"},"potentialAction":[{"@type":"SearchAction","target":{"@type":"EntryPoint","urlTemplate":"https:\/\/genealogiaiberica.com\/es\/?s={search_term_string}"},"query-input":{"@type":"PropertyValueSpecification","valueRequired":true,"valueName":"search_term_string"}}],"inLanguage":"es"},{"@type":"Organization","@id":"https:\/\/genealogiaiberica.com\/es\/#organization","name":"Genealogia Ibérica","url":"https:\/\/genealogiaiberica.com\/es\/","logo":{"@type":"ImageObject","inLanguage":"es","@id":"https:\/\/genealogiaiberica.com\/es\/#\/schema\/logo\/image\/","url":"https:\/\/genealogiaiberica.com\/wp-content\/uploads\/2024\/05\/logo-genealogia.png","contentUrl":"https:\/\/genealogiaiberica.com\/wp-content\/uploads\/2024\/05\/logo-genealogia.png","width":1854,"height":824,"caption":"Genealogia Ibérica"},"image":{"@id":"https:\/\/genealogiaiberica.com\/es\/#\/schema\/logo\/image\/"}}]}</script>
<!-- / Yoast SEO plugin. -->

Apellido Abad: origen y significado - Genealogia Ibérica

Historia, curiosidades, variantes e incidencia de los apellidos españoles. Conozca el significado y el origen de Abad

Genealogia Ibérica

Início

Apellidos españoles
